uppose 8*i - 3*i = 10. Let f(l) = i*t(l) + 11*p(l). Calculate f(3).
8
Let p(b) = b**3 - 2*b**2 - 3*b - 5. Let g = 147 + -143. Determine p(g).
15
Let u(g) = -12*g**2 - 4*g + 28. Let q(n) = 5*n**2 + n - 13. Let f(p) = -7*q(p) - 3*u(p). Calculate f(-6).
13
Let g(p) = p**3 + 11*p**2 - 5*p - 16. Let u(q) = -7*q**2 + 32*q + 4. Let c be u(5). Determine g(c).
39
Let p be ((-2)/20*-36)/((-15)/50). Let t(m) = m**2 + 11*m - 7. What is t(p)?
5
Let i(v) = -v + 19*v**2 - 9*v**2 + 4*v**3 - 10*v**2. Calculate i(-1).
-3
Let c(q) be the third derivative of q**6/120 - q**5/20 - q**4/24 + q**3/3 + 801*q**2 - 2. Let m be (-2)/(3*2/(-9)). Give c(m).
-1
Let l = 110 + -105. Let w(q) = -q**2 + q - 5. Give w(l).
-25
Let k = 18 - 0. Suppose 0 = 4*t, 5*m - k = -5*t - 3. Let q(g) = -2*g**2 + 3*g + 4. Determine q(m).
-5
Let r(k) = -k**2 - 2*k. Let w(x) = x**3 + 4*x**2 + 6*x + 6. Suppose 4*i = -i - 20. Let j = 1 + i. Let l be w(j). Calculate r(l).
-3
Let x(w) = -w - 5. Suppose -5*f = 5*t - 2*t + 5, -5*t = 3*f - 13. Let u be (10/6)/(t*4/60). Calculate x(u).
-10
Let s = -41 - -33. Let q(i) be the first derivative of -i**2/2 - 11*i + 44. What is q(s)?
-3
Let g = -4 + -11. Let y be -1*1*(g + 11). Let b(f) = -y - 7*f + 2*f + 3. Calculate b(2).
-11
Suppose 0 = -3*h - 86 + 83. Let c(w) = -2*w**2 - w - 3. Let i(k) = -8*k**2 - 4*k - 13. Let b(o) = 9*c(o) - 2*i(o). Determine b(h).
-2
Let b be 2 - (2/1)/(-1). Suppose 2*h - 14 = -4*u, -u = 2*h - b - 7. Let l(a) = 0 + 3 + 8*a**2 - 2 - 2*a. Calculate l(u).
7
Let v(y) = -y**3 - 14*y**2 + 13*y - 34. Let k = 1303 - 1318. Give v(k).
-4
Let n(x) = -x**2 + 10*x - 4. Let r(u) = 2*u**2 + 21*u + 50. Let y be r(-8). Determine n(y).
-4
Let g(d) = d**2 - 7*d. Let f(v) = -v + 4 - 2 + 2*v + 4. Let h be f(0). Suppose 24 = -2*a + h*a. Give g(a).
-6
Suppose 0*s - 6 = -2*s. Let n(d) = -2 - 3*d**2 + d + d**3 - 2*d + s*d. Calculate n(2).
-2
Let d be (4 - 13)*(-4)/6. Suppose -y = -d*y - 25. Let o(w) = 3*w - 15. Let b(q) = q - 7. Let f(h) = 5*b(h) - 2*o(h). Calculate f(y).
0
Let a(o) be the second derivative of o**3/6 - 9*o**2/2 - 22*o. Let h(z) = 3*z - 4. Let y be h(4). Give a(y).
-1
Let i = 1553 + -18631/12. Let l(a) be the second derivative of -1/6*a**3 + 1/2*a**2 - 1/20*a**5 - i*a**4 - 4*a + 0. What is l(-2)?
-9
Let g(r) = -2*r**3 - 12*r**2 - 11*r + 14. Let c be g(-2). Let o(q) be the first derivative of -1/3*q**3 + 7 - 1/4*q**c + q + q**2. Calculate o(-2).
1
Let l(w) = w**2 - 9*w - 14. Let r be l(11). Suppose 6*t - r*t - 4 = 0. Let s(f) = -4*f - 4*f + 4*f + 6*f. Calculate s(t).
-4
Let r = 11 + -6. Let v(c) = 1. Let a(b) = 3*b - 1. Let t = -35 + 36. Let u(p) = t*a(p) - v(p). Determine u(r).
13
Suppose -160 = -10*q + 100. Let o(x) = -13 - 8 - x + q - 9. Give o(-4).
0
Let l(j) = j**3 + j**2 - j. Suppose 6*h - 30 = 60. Suppose -z = 2*s - 5*z + 14, 0 = 3*s - 4*z + 11. Suppose a = 5*w + 8 + h, -4*a + w = s. Calculate l(a).
-2
Let x(m) = -m**2 - m. Suppose d + d + 23 = 3*p, 2*d - 2 = -2*p. Suppose 5*y - 3*j + 12 = 0, 12 + 0 = p*y + 3*j. What is x(y)?
0
Let v(l) = -2*l**2 - 26*l - 23. Let f be v(-12). Let z(t) be the second derivative of 1/2*t**2 + 1/10*t**5 - t + 0*t**4 + 0 - 1/3*t**3. Calculate z(f).
1
Let s = 7 - 4. Suppose s*k + 4*l + 5 - 1 = 0, l = 3*k - 16. Let g(o) = -9*o + 4*o + k*o + 5 + 3*o. Give g(-6).
-7
Let i be (-3)/2*(0 - -2). Let l(j) = -6*j**3 - 4*j**2 + 12*j - 9. Let z(h) = 5*h**3 + 3*h**2 - 10*h + 8. Let p(g) = -6*l(g) - 7*z(g). Give p(i).
4
Suppose -12 = -5*p + 8. Let b(q) = -q + 0*q - 3 - 3040*q**2 + 6*q + q + 3039*q**2. Give b(p).
5
Suppose -3*d = -5*y + 5, 0 = 3*y - d + 3*d - 3. Let p = 84 + -79. Let v(f) = -p*f**3 - 4*f + 3*f - 1 + 2*f + f**2. What is v(y)?
-4
Let z be (50/35)/(1/7). Let i(b) = -b**2 + 7*b + 4. What is i(z)?
-26
Suppose 0 = -33*k + 343 + 86. Let z(g) = g**2 - 13*g + 6. Calculate z(k).
6
Let c(q) = -3*q**2 + 5*q - 3. Let x(f) = -2*f**2 + 5*f - 3. Let o(s) = 3*c(s) - 4*x(s). Calculate o(0).
3
Suppose 4*v - 2*v - 2 = 0. Let o(x) = x**2 + x. What is o(v)?
2
Suppose 0 = 5*r + m - 30, -3*m = 3*r - 0*m - 18. Let p(o) = -4*o + 17. Let x be p(r). Let w(q) = q**2 + 6*q - 6. Give w(x).
1
Let u(y) = 32*y**2 - y. Let i(c) = 114*c**2 - 5*c + 1. Let f(l) = 2*i(l) - 7*u(l). Suppose -d + 1 + 1 = 0. Determine f(d).
12
Suppose 5*n = 3*q - 7*q + 7, 4*q + 2 = -2*n. Let k be (1/n)/(3/9). Let d(r) = 5*r + 4. Let x(o) = o + 1. Let u(t) = k*d(t) - 6*x(t). Determine u(5).
-7
Let d(a) = 28*a - 42. Let n be d(2). Let k(j) = -j**2 + 12*j + 13. Give k(n).
-15
Let y(m) = 2*m + 3. Let z(l) = -2*l - 3. Let q(s) = 2*y(s) + 3*z(s). Let n be q(-2). Suppose 7 - n = -3*i. Let x(d) = 3*d**2 + 3*d. Calculate x(i).
6
Suppose 0 = 5*x + 4*b + 50, x + 5*b + 0*b = -31. Let o(k) = k**3 + 7*k**2 + 7*k + 6. Determine o(x).
0
Let s(w) = w**3 + 3*w**2 - 5*w - 4. Let t be (-4)/(12/5)*(-24 - 0). Suppose 6*c + 4*c = -t. Give s(c).
0
Suppose -8*n - 2*n = -12*n. Let y(h) = h**3 + h**2 - 2*h - 2. Determine y(n).
-2
Let h be 8 - (-1 + (-2)/(-4))*-10. Let d(v) be the second derivative of 7/6*v**h + 0 + 0*v**2 - 5*v. What is d(1)?
7
Let s = 10 - 4. Let j be s/1 - (-6 + 9). Let t(c) = -2*c + 5*c - j + 9. Determine t(-5).
-9
Let l(d) = d**2 + 7*d + 8. Let i(x) = -x**2 - 8*x - 9. Let z(p) = -4*i(p) - 3*l(p). Calculate z(-11).
12
Let k(b) = -b**2 + 3*b + 3. Let h = 58 - 47. Let m be (-33)/h*(0 + -1). Give k(m).
3
Suppose -14 = 4*h + 5*r, 6*h - 7*h - 4*r + 2 = 0. Let j(x) = x + 11. Give j(h).
5
Let b = 874 - 867. Let d(m) be the second derivative of m**5/20 - m**4/2 - 7*m**3/6 - 2*m**2 - 4*m. Calculate d(b).
-4
Suppose 26*l + 12*l = -228. Let a(b) = -4*b - 3. Calculate a(l).
21
Let b(q) = 3 - 6 - 16*q + q**2 + 20*q. Suppose 0*t = -t + 2. Calculate b(t).
9
Let j(o) = -2 - 48*o + 23*o + 24*o - 1 - 1. Let n be 2 + (-2 - 0) + 0. Determine j(n).
-4
Let z(u) be the third derivative of u**6/720 - u**5/60 + 7*u**4/12 - 8*u**2. Let w(l) be the second derivative of z(l). Give w(6).
4
Suppose -3*x - 2*x = -5*v + 235, 5*v - 256 = -2*x. Let y(q) = 23*q + 28*q - v*q + 1 + 0. Calculate y(2).
3
Let u(a) = -a**3 + 7*a**2 - 6*a - 2. Let f(x) = -x + 23. Let t be f(17). Suppose -m + 12 = -3*c - 3, m + 4*c = -t. Calculate u(m).
-2
Let b(a) = -29*a + 24. Let z(u) = -22*u + 23. Let k(c) = 3*b(c) - 4*z(c). Calculate k(18).
-2
Let r be (-6)/(-6) - 0/(-1). Let u be 0 - r*(0 + -3). Let k be u + 0 + (3 - 4). Let n(g) = -g**3 - 2*g**2 + 3*g. Determine n(k).
-10
Let p(a) be the second derivative of a**5/120 + 7*a**3/3 - 5*a. Let w(r) be the second derivative of p(r). Determine w(-4).
-4
Let l be 4*4/48*36. Suppose 0 = 2*m - 5*k + l, 0 = m - k + 2*k - 8. Let v(r) = -8*r**2 + 14*r**2 - 10*r**2 - 4*r + r**3 + m. Calculate v(5).
9
Let s = 4 + -5. Let f = 1 - s. Let k(y) = -1 + 5*y**3 - 2*y + 0*y**2 - 7*y**3 + 4*y**f. Determine k(2).
-5
Let g be (1/3)/(-12 - 327/(-27)). Let z(p) be the first derivative of -g + 1/2*p**2 - 8*p. Determine z(5).
-3
Suppose 0 = -19*t + 15*t + 8. Let k(z) = -3 - 17*z + 36*z - 16*z. What is k(t)?
3
Let n(m) = -3*m - 1. Suppose -3*i - 4 = -5*x + 4, 2*x - 16 = -2*i. Suppose -5*o = -5*p - 75, p - x*o = -19 - 2. Let a = 14 + p. What is n(a)?
-4
Let z(i) = 6*i**3 - i**2. Let x(u) = 44*u - 3. Let k be x(1). Suppose -42*w - 1 = -k*w. Determine z(w).
-7
Let p(q) = 12*q**3 - 4*q**2 - 2*q + 15. Let i(d) = d**2 - 3. Let n(l) = -6*i(l) - p(l). Determine n(-1).
11
Let c(v) = 8*v**2 + 18*v - 3 + 12*v - 43*v - 3*v**2 + 14*v. Calculate c(2).
19
Let c(y) = y**2 - 17*y + 61. Let m be c(7). Let o(z) be the first derivative of -z**2 - 13*z - 7. Calculate o(m).
5
Suppose -f = f + 6. Let w(a) be the third derivative of a**5/60 - 113*a**2. Determine w(f).
9
Suppose -3*r = 2*x - 7, 3*r + 5 = -2*r. Let f(w) = -6 - 12*w**3 + 25*w**3 - x*w - 7*w**2 - 14*w**3. Calculate f(-6).
-12
Let l(a) = 75*a - 18. Let b(u) = 21*u - 5. Let s(g) = -18*b(g) + 5*l(g). Calculate s(3).
-9
Let v(t) = 2*t - 9. Let x(i) = i**2 - 3*i + 2. Let b(r) = -r**3 - 13*r**2 - 11*r + 14. Let y be b(-12). Let f be x(y). Suppose 5*c - 30 = -f*c. Calculate v(c).
3
Let n(t) = -t**3 - 7*t**2 + 5. Suppose -m - m + 64 = -4*z, 10 = 2*z. Suppose -5*r = r + m. Determine n(r).
5
Let y(r) = r**3 - 5*r**2 - 6*r - 5. Suppose 3*f = 5*f. Let a(v) = -v + 3. Let j be a(f). Suppose 4*p + 14 = j*o, 0 = -3*o - 4*p + p + 21. Give y(o).
-5
Suppose -6 = -h - 3. Let z(x)